{"id":1988,"date":"2023-05-20T14:40:24","date_gmt":"2023-05-20T10:40:24","guid":{"rendered":"https:\/\/sushitv.az\/?post_type=product&#038;p=1988"},"modified":"2024-05-07T23:43:11","modified_gmt":"2024-05-07T19:43:11","slug":"vip-set-56-%c9%99d%c9%99d","status":"publish","type":"product","link":"https:\/\/sushitv.az\/?product=vip-set-56-%c9%99d%c9%99d","title":{"rendered":"\u00d6z\u0259l Set (56 \u0259d\u0259d)"},"content":{"rendered":"<p>Allergiya v\u0259 ya p\u0259hriz m\u0259hdudiyy\u0259tl\u0259ri varsa , restoran yem\u0259kl\u0259r haqq\u0131nda daha d\u0259qiq m\u0259lumat \u00fc\u00e7\u00fcn \u0259laq\u0259 saxlay\u0131n.<\/p>\n","protected":false},"excerpt":{"rendered":"<p><strong>Red dragon<\/strong><\/p>\n<p>krevet | q\u0131z\u0131lbal\u0131q | su\u015fi d\u00fcy\u00fcs\u00fc | xiyar | krem pendir | nari | ya\u015f\u0131l so\u011fan | sous<\/p>\n<p><strong>Green dragon<\/strong><\/p>\n<p>krab | su\u015fi d\u00fcy\u00fcs\u00fc | xiyar | krem pendir | nari | ya\u015f\u0131l k\u00fcr\u00fc | ac\u0131l\u0131 sous<\/p>\n<p><strong>Black dragon<\/strong><\/p>\n<p>krab | unagi |su\u015fi d\u00fcy\u00fcs\u00fc | xiyar | avokado | krem pendir | nari | k\u00fcnc\u00fct | sous<\/p>\n<p><strong>Kalifornia tabiko<\/strong><\/p>\n<p>krab | su\u015fi d\u00fcy\u00fcs\u00fc | xiyar | avakado | yapon moyanezi | nari | q\u0131rm\u0131z\u0131 k\u00fcr\u00fc<\/p>\n<p><strong>Ebi hot<\/strong><\/p>\n<p>krevet | su\u015fi d\u00fcy\u00fcs\u00fc | xiyar | avakado | yapon moyanezi | nari | q\u0131rm\u0131z\u0131 k\u00fcr\u00fc<\/p>\n<p><strong>Filadelfia hot<\/strong><\/p>\n<p>his\u0259 verilmi\u015f q\u0131z\u0131l bal\u0131q | su\u015fi d\u00fcy\u00fcs\u00fc | xiyar | krem pendir | nari | tempura unu | k\u00fcnc\u00fct<\/p>\n","protected":false},"featured_media":1989,"comment_status":"open","ping_status":"closed","template":"","meta":[],"product_cat":[17],"product_tag":[],"_links":{"self":[{"href":"https:\/\/sushitv.az\/index.php?rest_route=\/wp\/v2\/product\/1988"}],"collection":[{"href":"https:\/\/sushitv.az\/index.php?rest_route=\/wp\/v2\/product"}],"about":[{"href":"https:\/\/sushitv.az\/index.php?rest_route=\/wp\/v2\/types\/product"}],"replies":[{"embeddable":true,"href":"https:\/\/sushitv.az\/index.php?rest_route=%2Fwp%2Fv2%2Fcomments&post=1988"}],"wp:featuredmedia":[{"embeddable":true,"href":"https:\/\/sushitv.az\/index.php?rest_route=\/wp\/v2\/media\/1989"}],"wp:attachment":[{"href":"https:\/\/sushitv.az\/index.php?rest_route=%2Fwp%2Fv2%2Fmedia&parent=1988"}],"wp:term":[{"taxonomy":"product_cat","embeddable":true,"href":"https:\/\/sushitv.az\/index.php?rest_route=%2Fwp%2Fv2%2Fproduct_cat&post=1988"},{"taxonomy":"product_tag","embeddable":true,"href":"https:\/\/sushitv.az\/index.php?rest_route=%2Fwp%2Fv2%2Fproduct_tag&post=1988"}],"curies":[{"name":"wp","href":"https:\/\/api.w.org\/{rel}","templated":true}]}}