{"id":2664,"date":"2024-08-24T23:05:58","date_gmt":"2024-08-24T19:05:58","guid":{"rendered":"https:\/\/sushitv.az\/?post_type=product&#038;p=2664"},"modified":"2025-01-30T00:10:49","modified_gmt":"2025-01-29T20:10:49","slug":"xl-set-40-%c9%99d%c9%99d","status":"publish","type":"product","link":"https:\/\/sushitv.az\/?product=xl-set-40-%c9%99d%c9%99d","title":{"rendered":"XL Set (40 \u0259d\u0259d)"},"content":{"rendered":"<p>Allergiya v\u0259 ya p\u0259hriz m\u0259hdudiyy\u0259tl\u0259ri varsa , restoran yem\u0259kl\u0259r haqq\u0131nda daha d\u0259qiq m\u0259lumat \u00fc\u00e7\u00fcn \u0259laq\u0259 saxlay\u0131n.<\/p>\n","protected":false},"excerpt":{"rendered":"<p><strong>Kalifornia tobiko<\/strong><\/p>\n<p>krab | su\u015fi d\u00fcy\u00fcs\u00fc | xiyar | avakado | yapon moyanezi | nari | q\u0131rm\u0131z\u0131 k\u00fcr\u00fc<\/p>\n<p><strong>Kani hot<\/strong><\/p>\n<p>krab | xiyar| krem pendir | tempura unu | k\u00fcnc\u00fct | sous<\/p>\n<p><strong>Filadelfia hot<\/strong><\/p>\n<p>his\u0259 verilmi\u015f q\u0131z\u0131l bal\u0131q | su\u015fi d\u00fcy\u00fcs\u00fc | xiyar | krem pendir | nari | tempura unu | k\u00fcnc\u00fct<\/p>\n<p><strong>Tuna hot<\/strong><\/p>\n<p>tuna | xiyar | yapon moyanezi | tempura unu | ac\u0131l\u0131 sous<\/p>\n","protected":false},"featured_media":2677,"comment_status":"open","ping_status":"closed","template":"","meta":[],"product_cat":[17],"product_tag":[],"_links":{"self":[{"href":"https:\/\/sushitv.az\/index.php?rest_route=\/wp\/v2\/product\/2664"}],"collection":[{"href":"https:\/\/sushitv.az\/index.php?rest_route=\/wp\/v2\/product"}],"about":[{"href":"https:\/\/sushitv.az\/index.php?rest_route=\/wp\/v2\/types\/product"}],"replies":[{"embeddable":true,"href":"https:\/\/sushitv.az\/index.php?rest_route=%2Fwp%2Fv2%2Fcomments&post=2664"}],"wp:featuredmedia":[{"embeddable":true,"href":"https:\/\/sushitv.az\/index.php?rest_route=\/wp\/v2\/media\/2677"}],"wp:attachment":[{"href":"https:\/\/sushitv.az\/index.php?rest_route=%2Fwp%2Fv2%2Fmedia&parent=2664"}],"wp:term":[{"taxonomy":"product_cat","embeddable":true,"href":"https:\/\/sushitv.az\/index.php?rest_route=%2Fwp%2Fv2%2Fproduct_cat&post=2664"},{"taxonomy":"product_tag","embeddable":true,"href":"https:\/\/sushitv.az\/index.php?rest_route=%2Fwp%2Fv2%2Fproduct_tag&post=2664"}],"curies":[{"name":"wp","href":"https:\/\/api.w.org\/{rel}","templated":true}]}}